vided by 50.
46
What is the remainder when 2128 is divided by 97?
91
Calculate the remainder when 1674 is divided by 47.
29
Calculate the remainder when 103 is divided by 35.
33
Calculate the remainder when 15 is divided by 1.
0
Calculate the remainder when 1126 is divided by 264.
70
What is the remainder when 259 is divided by 158?
101
Calculate the remainder when 333 is divided by 56.
53
Calculate the remainder when 3748 is divided by 1871.
6
Calculate the remainder when 452 is divided by 65.
62
Calculate the remainder when 2899 is divided by 24.
19
Calculate the remainder when 266 is divided by 146.
120
Calculate the remainder when 411 is divided by 6.
3
Calculate the remainder when 74 is divided by 5.
4
What is the remainder when 2470 is divided by 45?
40
Calculate the remainder when 339 is divided by 69.
63
What is the remainder when 4029 is divided by 12?
9
What is the remainder when 3 is divided by 1?
0
Calculate the remainder when 15 is divided by 2.
1
What is the remainder when 576 is divided by 34?
32
What is the remainder when 895 is divided by 402?
91
What is the remainder when 60 is divided by 34?
26
Calculate the remainder when 3869 is divided by 86.
85
Calculate the remainder when 4872 is divided by 39.
36
Calculate the remainder when 18 is divided by 4.
2
What is the remainder when 337 is divided by 334?
3
What is the remainder when 6698 is divided by 100?
98
Calculate the remainder when 27516 is divided by 10.
6
What is the remainder when 753 is divided by 9?
6
What is the remainder when 435 is divided by 31?
1
What is the remainder when 74 is divided by 25?
24
Calculate the remainder when 70 is divided by 4.
2
Calculate the remainder when 89 is divided by 30.
29
Calculate the remainder when 90 is divided by 19.
14
Calculate the remainder when 1122 is divided by 75.
72
Calculate the remainder when 78 is divided by 62.
16
What is the remainder when 1495 is divided by 48?
7
What is the remainder when 434 is divided by 387?
47
What is the remainder when 1714 is divided by 101?
98
What is the remainder when 144 is divided by 5?
4
What is the remainder when 674 is divided by 214?
32
Calculate the remainder when 1978 is divided by 70.
18
Calculate the remainder when 215 is divided by 25.
15
What is the remainder when 187 is divided by 24?
19
Calculate the remainder when 169 is divided by 13.
0
What is the remainder when 82 is divided by 8?
2
Calculate the remainder when 21670 is divided by 12.
10
What is the remainder when 10797 is divided by 12?
9
Calculate the remainder when 3541 is divided by 67.
57
Calculate the remainder when 414 is divided by 26.
24
Calculate the remainder when 434 is divided by 331.
103
Calculate the remainder when 2434 is divided by 1211.
12
Calculate the remainder when 798 is divided by 62.
54
Calculate the remainder when 268 is divided by 87.
7
Calculate the remainder when 218 is divided by 41.
13
What is the remainder when 261 is divided by 44?
41
What is the remainder when 147 is divided by 52?
43
Calculate the remainder when 481 is divided by 7.
5
Calculate the remainder when 4072 is divided by 42.
40
What is the remainder when 414 is divided by 214?
200
What is the remainder when 126 is divided by 8?
6
What is the remainder when 130 is divided by 37?
19
Calculate the remainder when 177 is divided by 48.
33
Calculate the remainder when 123 is divided by 10.
3
What is the remainder when 827 is divided by 282?
263
Calculate the remainder when 353 is divided by 73.
61
Calculate the remainder when 450 is divided by 152.
146
What is the remainder when 115 is divided by 83?
32
Calculate the remainder when 88 is divided by 23.
19
What is the remainder when 303 is divided by 28?
23
Calculate the remainder when 101 is divided by 15.
11
Calculate the remainder when 98 is divided by 5.
3
What is the remainder when 6885 is divided by 45?
0
What is the remainder when 1220 is divided by 175?
170
Calculate the remainder when 146 is divided by 3.
2
Calculate the remainder when 152 is divided by 20.
12
What is the remainder when 10930 is divided by 29?
26
What is the remainder when 354 is divided by 119?
116
What is the remainder when 953 is divided by 309?
26
Calculate the remainder when 1284 is divided by 92.
88
Calculate the remainder when 489 is divided by 123.
120
Calculate the remainder when 8725 is divided by 8.
5
What is the remainder when 176 is divided by 32?
16
What is the remainder when 134 is divided by 7?
1
Calculate the remainder when 143 is divided by 68.
7
Calculate the remainder when 468 is divided by 62.
34
What is the remainder when 873 is divided by 46?
45
What is the remainder when 989 is divided by 109?
8
Calculate the remainder when 63 is divided by 20.
3
Calculate the remainder when 486 is divided by 31.
21
Calculate the remainder when 262 is divided by 66.
64
What is the remainder when 181 is divided by 19?
10
Calculate the remainder when 457 is divided by 33.
28
What is the remainder when 14 is divided by 6?
2
Calculate the remainder when 92 is divided by 11.
4
Calculate the remainder when 129 is divided by 22.
19
Calculate the remainder when 34 is divided by 14.
6
What is the remainder when 3039 is divided by 19?
18
What is the remainder when 75 is divided by 39?
36
What is the remainder when 64020 is divided by 73?
72
What is the remainder when 452 is divided by 98?
60
What is the remainder when 34 is divided by 19?
15
Calculate the remainder when 16929 is divided by 166.
163
What is the remainder when 144 is divided by 43?
15
Calculate the remainder when 24 is divided by 16.
8
Calculate the remainder when 57 is divided by 31.
26
Calculate the remainder when 78 is divided by 35.
8
Calculate the remainder when 617 is divided by 32.
9
Calculate the remainder when 3270 is divided by 1083.
21
Calculate the remainder when 201 is divided by 12.
9
Calculate the remainder when 936 is divided by 134.
132
What is the remainder when 2070 is divided by 142?
82
Calculate the remainder when 32937 is divided by 30.
27
Calculate the remainder when 1080 is divided by 534.
12
What is the remainder when 502 is divided by 24?
22
Calculate the remainder when 12979 is divided by 118.
117
Calculate the remainder when 575 is divided by 4.
3
What is the remainder when 603 is divided by 164?
111
What is the remainder when 213 is divided by 54?
51
What is the remainder when 123 is divided by 68?
55
Calculate the remainder when 353 is divided by 47.
24
What is the remainder when 341 is divided by 22?
11
Calculate the remainder when 4584 is divided by 148.
144
What is the remainder when 547 is divided by 141?
124
What is the remainder when 8189 is divided by 82?
71
Calculate the remainder when 8 is divided by 3.
2
Calculate the remainder when 64 is divided by 3.
1
What is the remainder when 488 is divided by 1?
0
Calculate the remainder when 807 is divided by 9.
6
Calculate the remainder when 94 is divided by 19.
18
What is the remainder when 258 is divided by 93?
72
Calculate the remainder when 29929 is divided by 365.
364
What is the remainder when 849 is divided by 817?
32
What is the remainder when 6432 is divided by 9?
6
What is the remainder when 626 is divided by 209?
208
Calculate the remainder when 547 is divided by 108.
7
What is the remainder when 763 is divided by 64?
59
Calculate the remainder when 581 is divided by 117.
113
What is the remainder when 123 is divided by 7?
4
What is the remainder when 667 is divided by 39?
4
What is the remainder when 177 is divided by 45?
42
What is the remainder when 19337 is divided by 233?
231
What is the remainder when 21 is divided by 19?
2
What is the remainder when 806 is divided by 34?
24
Calculate the remainder when 255 is divided by 103.
49
Calculate the remainder when 735 is divided by 46.
45
Calculate the remainder when 10977 is divided by 60.
57
What is the remainder when 96 is divided by 20?
16
What is the remainder when 1051 is divided by 11?
6
What is the remainder when 47 is divided by 29?
18
What is the remainder when 918 is divided by 303?
9
What is the remainder when 244 is divided by 30?
4
What is the remainder when 122 is divided by 42?
38
What is the remainder when 198 is divided by 54?
36
What is the remainder when 475 is divided by 45?
25
Calcu